alue of (-87 - (40 - 295)) + -41?
127
-47 - (64 + -82) - -86
57
What is the value of -106 - (30 - 89) - 77?
-124
What is the value of (-15 - (-77 - 0)) + -5 + 2?
59
What is the value of (-8 - -3) + (9 - 3) + (-72 - 56)?
-127
18 + (-10 - 18) + 21 + -20
-9
What is -1 - (7 + -3) - (0 + 7 - (388 - 256))?
120
What is -6 - (-58 - (-17 + -1))?
34
Calculate -4 - (-7 - -10 - 16 - (-74 + 6)).
-59
4 + 108 + -5 + 6 + -12 + 2 + -11
92
(42 - 8) + 8 + 28 - 32
38
Evaluate 18879 + -18883 + (-37 + 0 - (0 + 1)).
-42
What is the value of -2 + -34 - (-1776 + 1689)?
51
6 + -89 + 35 + 29 - -17
-2
-12 - -1 - (-9 - -5 - 34) - -13
40
12 + -21 + 28 + -16 + -12
-9
What is the value of 261 - (158 - -96) - (0 - (-2 + 62))?
67
34 + -7 + (-59 - 7) - 2
-41
Evaluate -21 + -37 - (16 - (1 - -5 - (16 + -20))).
-64
What is the value of -17 + -25 + (-3 - 3 - -21)?
-27
What is -13 + (-11 - 2 - (55 + -62) - 6)?
-25
Evaluate -15 + -1 - (-8 - -10 - (-15 - -10)).
-23
(-2 - 69) + (-29 - -21) - (0 - (-9 + 11))
-77
3 + -8 + (-2 - -58) + (-2 - 2) + -5
42
Calculate 147 + (-91 + -77 - -99).
78
What is -77 + (-11 + 24 + 32 - 23)?
-55
What is (-343 + 375 - (62 - -3)) + -35?
-68
What is the value of 95 + -9 + -70 - (-2 + -17)?
35
Evaluate -3 - (9 + -26 + 2 - -14 - 7).
5
Calculate -68 + (30 - ((21 - 18) + 9 + 0)).
-50
Calculate (-5 - -147) + (-132 - (-232 - -98)).
144
Calculate (10 - -8 - 8) + 59 + 139 + -137.
71
Calculate (5 - -4) + -4 - 5 - 16 - (18 - 8).
-26
Calculate (-58 - -107) + -70 - -7.
-14
What is 196 - 205 - (0 - -4) - -79?
66
-2 - (1 - 25) - (895 - 882)
9
What is -243 + (83 - -213) + (1 + -15 - 0)?
39
What is the value of 1 + (-2 - 15) + 70 + 40 + -123 + -6?
-35
(-1 - (-9 - (14 + -20))) + 22
24
What is the value of -223 + 217 - (-2 - ((3 - 5) + -2))?
-8
What is -1210 - -1181 - (-1 - 14)?
-14
What is the value of -26 + 2 - (-92 + 77)?
-9
53 - 112 - 13 - (2 - 21)
-53
What is the value of (9 - -64) + 9 + 34 + -52?
64
57 + 4 + (15 - 44)
32
(-37 - (-23 - 0) - 18) + 23
-9
3 + -15 + -6 - -31 - (3 - 1)
11
Evaluate 8 + 162 + -143 + (0 - -14).
41
Calculate -6 + (15 + 8 + 26 - (-1 - -10)) + 6.
40
What is 13 + (15 - -28) + -50?
6
Calculate -54 + -7 + -21 + 40.
-42
(45 - -156) + -300 + -1 + 5 + -1
-96
Evaluate 88 - (7 + 7 + (-56 - -24)).
106
Evaluate (57 + -193 - -251) + 23.
138
Calculate 8 + 4 + 4 + -51 + -6 + 2 - -1.
-38
Calculate (-189 - -424 - 288) + (0 - 24).
-77
What is -32 + (-14 + -76 - -118)?
-4
-23 + (-9 - (-18 - 20)) - (4 - -1)
1
-4 + 18 + -4 - 7 - (5 - 2)
0
Calculate (1 - -5 - -10 - 28) + 55 + 13 + -2.
54
What is (-6 - 49) + 45 + (-68 - -18)?
-60
15 - (0 + (0 - -65))
-50
What is (-18 - -13 - (22 - -4)) + (5 - 11)?
-37
What is the value of (-1382 - -1377 - (2 + 0 + -18)) + 38?
49
What is 25 + -12 + -2 + 97 + -32?
76
Calculate 49 + ((6 - 5) + -1 - 5) + -3 + -1.
40
What is 958 - 956 - (0 + -2 - (-5 + -1)) - 58?
-60
What is -4 - (0 + -22 + 13 + -6 - 58)?
69
Evaluate 4 + 1 - (7 + 2 - 5 - (30 - 78)).
-47
What is 22 + 10 - (25 - 68 - -65)?
10
What is (-4 - ((-3 + -7 - -16) + -1 + -39)) + -3?
27
What is 3 + 25 + -2 - 2 - (-109 - -115)?
18
-51 - (-15 + (14 - 12) + 1 + (0 - -16))
-55
What is the value of 37 - (137 + -47 + -46)?
-7
Calculate -76 + (81 - -56) - 16.
45
What is the value of (14 - 17) + 6 + (1 - (-6 + 8)) + 27?
29
Evaluate 4 + -2 - (-18 + 4) - (-19 - 4).
39
Evaluate -23 + 21 + 5 + -39 - (-1 + 1).
-36
What is -47 + 1 + 10 + 51?
15
(-197 - 41) + 103 - -87
-48
-10 - (23 - 21 - 79) - 29
38
Evaluate (58 - 15) + 37 - (-1 + -2 + 23 + -22).
82
-200 - -25 - -176 - (1 + -11 - 0)
11
Evaluate -11 + -24 + 23 + -7 - 9.
-28
What is the value of (6 - (4 + 17)) + 13?
-2
Evaluate -3 + 4 + -5 - (-8 + (9 - -28) + -9).
-24
5 + -20 + (-25 - 2 - 2)
-44
-11 + -2 + 0 + -2 - (-21872 - -21865)
-8
What is the value of (-601 - -611) + (1 - -12) + 1 + -8 - 163?
-147
What is the value of 50 + -62 + -85 - -63?
-34
What is 82 + (-219 - -72) + 78?
13
What is -6 + (-5 + -2 - -3) + 0 + 6 + -29?
-33
Evaluate -43 + (1 - 18) + 90.
30
(225 - 53 - 81) + -38
53
What is -25 + 48 - (8 - -2) - 59?
-46
Evaluate -55 + 76 + -52 + (-2 - 8 - 1).
-42
Calculate (-90 - 37) + 83 - -125.
81
What is the value of (70 - (0 + 0) - (-14 - -16)) + 1 - 3?
66
What is the value of -72 + ((7 - 12) + -2 - -2) - -8?
-69
Calculate -3 - -11 - (-19 - 1 - 13).
41
Evaluate 60 + -26 + -61 + 27.
0
2 + (-22 - (-3 + 12 + -20) - -2)
-7
Calculate (0 - -6) + 74 - -1 - (11 + (48 - 63)).
85
Evaluate -2208 + 2230 + -86 + 0.
-64
(-50 - (15 + -14 + -2 + 6)) + (1 - -11)
-43
(-11 + 20 - (7 - 4)) + (-17 - -4)
-7
Calculate -8 + 332 + -313 + -87 + (-1 - -2).
-75
Calculate -6 + (213 - 208 - (1 + -13)) + -71.
-60
What is -148 + 125 + 34 + (-2 + 3 - 7 - -1)?
6
What is the value of -1 + -53 - (-3026 + 3058)?
-86
What is the value of -2 + -3 + 1 + -1 - (14875 + -14885)?
5
Evaluate (-2 - -1) + -11 - (-615 - (62 - 583)).
82
(87 - 12) + 116 + -179
12
What is the value of 2 - (-1 + -7) - ((-12 - -31) + -58 + 18)?
31
What is the value of -18 + (6 - 16) + 4 - (-39 + 27)?
-12
What is 0 + (-1 - -1) + -1 + -195093 + 195098?
4
Calculate -61 + 26 + 37 + -10.
-8
What is the value of -33 - 7 - (8 + -30) - 3?
-21
101 + 42 + -34 - ((31 - 5) + -3)
86
What is the value of 75 + (55 - 9) - 71?
50
What is (-3 + -12 - 18) + 28?
-5
What is the value of 63 - (-2 + 11 + -21 + 17 + 5)?
53
What is the value of (-8 - 4) + (-3 - -21) + 5 + 17?
28
Evaluate -811 + 829 + -10 + 0 + -3 - -58.
63
What is the value of -78 - -28 - -30 - 12?
-32
Calculate 3 - (-65 + -8 + (-13 - (-8 + -16))).
65
(-63 - 8) + 9 - (248 + -252 - (9 - -1))
-48
What is -2 + 37 + 1 - (-50725 - -50708)?
53
Evaluate -84 - -81 - (5 - 5) - -12.
9
What is 14 - (45 + 13 + (-23 - 14))?
-7
What is 13 + 20 + 7 + -1 + -4 + -9 + 5?
31
Evaluate -48 + (-18 - (-36 - (-16 - 4))).
-50
-4 + 16 + -2 + 191 + -235 + (-8 - -20)
-22
What is 8 + ((9 - 3) + 14 - 10) + -9?
9
-64 - -92 - 19 - (-2 + 85 + 3 - 0)
-77
Evaluate (19 - 21) + -45 - -12 - -57.
22
Evaluate (6 - (-60 - -48)) + 10.
28
Calculate 6 + (-80 + 55 - 30).
-49
Evaluate 7 + -3 + 5 + (15 - 74) + -1.
-51
Calculate -84 - (-377 - -400 - (14 + 0)) - -16.
-77
-1 - -7 - (28 + (-28 - -20) + -20) - 78
-72
Calculate (1265 - 1332) + (0 + 19 - 2) - 5.
-55
What is -4 - (-43 - (-22 - (22 + -28)))?
23
What is the value of 63 - (-9 - (43 - 81))?
34
What is the value of -54 + (60 - (32 - 12)) + -97?
-111
What is -30 + 10 + 11 + -14 + (0 + -6 - 3)?
-32
What is -33 + 46 + (-2 - 43)?
-32
Evaluate -59 - -9 - -55 - 52.
-47
Evaluate -6 + 1 - (13 + (41 - -29) - 33).
-55
15 - 10 - 55 - (2 - (2 + 9))
-41
Calculate (5 + -12 + -14 - -8) + -94 + 7 + -10.
-110
What is -107 + 75 + (-28 - -32)?
-28
What is 61 - (60 + -10 + -1)?
12
Calculate 0 - -3 - (-4 + -13 - (-1 + (19 - 41))).
-3
What is the value of -5 + 20 - (-24 - -24 - -43)?
-28
What is the value of (3067 - 3073) + (1 - -39)?
34
What is the value of 0 + 9 + 140 + -148 + 4 + (-6 - -6)?
5
What is the value of 17 + 2 + -4 - (13 - (-52 - -3))?
-47
Calculate (0 - 16) + 22 + -1 + -33 - -2.
-26
What is the value of -62 + (21 - (-38 + 7)) + (2 - 22)?
-30
What is the value of -14 - ((13 - 22) + -1) - 32?
-36
5 - -3 - ((15 - (26 - 12)) + -1 + 54)
-46
(126 - (44 - -78)) + 1 + -40 + 0 + -2
-37
Calculate -10 + 158 + (-24 + 16 - 16).
124
-48 + (19 - (15 + 18 + -7))
-55
23 + (-62 - (20 + 0)) - -21
-38
What is the value of 22 - 10 - (57 - (12 + -6))?
-39
What is the value of 2 - 125 - (89 - (25 - -4) - 45)?
-138
What is (113 - (113 - -19)) + (1 - 44)?
-62
Calculate (37 - 1) + 32 + (-31 - (1 + -3)).
39
Calculate (24 - -11) + (-104 - -29) + -14 + 1.
-53
What is -51 - (15 - (81 - 48))?
-33
Calculate 15 + (37 - 46) + (-21 - -1).
-14
Evaluate 27 - (-3 - -24) - 23.
-17
What is the value of 32 + 16 + 0 + (21 - 13 - 20)?
36
Calculate 112 + -70 + (1 - 5).
38
What is -7 - -2 - (43 - 99 - -46)?
5
Calculate (-12 - -5) + 24 + -57 + 0 + -3.
-43
What is the value of -3 + -7 + (3 + 0 - (-23 + (54 - 32)))?
-6
Calculate 20 - (-16 + -20 + 83).
-27
Evaluate (-78 - (-114 + 64)) + -2 + -37.
-67
Calculate 6 + (30 - -20) + -13 + -2.
41
What is the value of (-442 + 447 - (9 - 1)) + 97 + -1?
93
199 + -209 + (20 - -8)
18
What is the value of (0 - 7) + (78 - (-271 - -327))?
15
Calculate 25 + (-53 - -1) - (4 + 3).
-34
Calculate 2 + 6 + (2 + 6 - (-155 + 173)) - 55.
-57
What is the value of (-35 - -16) + 14 + 14 - 